e?
True
Let l(y) = 2*y**3 - 23*y**2 - 11*y - 12. Let j be l(12). Suppose -33*w + w + 322464 = j. Is w composite?
True
Let w = -4142 - -2120. Let k = w - -1084. Let m = k - -2575. Is m a composite number?
False
Let z(y) = 605*y**2 - 2*y + 1. Let q be z(3). Let x = 7733 - q. Let i = x - 1338. Is i composite?
True
Let b = -517 - -2117. Let m = -551 + b. Is m prime?
True
Is (-12172143)/(-16) - (-114)/1824 a prime number?
True
Let o(f) be the first derivative of 37*f - 3/2*f**2 + 1/3*f**3 + 3. Is o(0) a prime number?
True
Let t be 316/(-10) - (704/80)/22. Let w = -79 + -535. Is (-4)/t*w*(-7 + 3) composite?
False
Let i(m) = 58*m - 118. Let x(d) = -58*d + 119. Let o(k) = 2*i(k) + 3*x(k). Is o(-30) composite?
False
Let h(s) = s**3 - 2*s**2 + s + 2664. Let j be h(0). Suppose 6*x = 4656 - 300. Suppose 10*d - x = j. Is d prime?
False
Let u(r) = -211386*r - 77. Is u(-1) a prime number?
False
Let l be (-8)/(12/(-6) + 0). Is 120/112*2874 + l/(-14) a prime number?
True
Let k be 4/(-12) + (-1204260)/(-18). Suppose -20*a = -9077 - k. Is a composite?
True
Let j(y) = 8*y - 7. Suppose -4*s + 0 = -4*x + 36, 2*s + 9 = -x. Let m be j(s). Let g = 90 + m. Is g composite?
True
Is 22996/(-10)*(-3625)/50 a composite number?
True
Let y = -70450 + 462969. Is y composite?
False
Let z(u) = 1144*u**2 - 13*u + 8. Is z(7) a prime number?
False
Suppose q - 5*q = -8408. Suppose 2208 = 4*w + 2*j, 5*w - j - 665 = q. Is w composite?
True
Let r = -358246 - -835419. Is r a composite number?
True
Let z = -456647 + 737146. Is z a composite number?
False
Suppose 0 = -17*h + 29*h + 30696. Let w = 4987 + h. Is w composite?
True
Suppose -1 + 9 = -l + 2*a, -4*a = 16. Is (-1 + (-1020)/l)/(1/4) composite?
False
Is (-106349)/(-11 + (-9 - -19)) prime?
True
Suppose -3*a = -2*k + 97952, -3*k = 10*a - 7*a - 146913. Is k prime?
True
Suppose -3*h = -2*d - 2307, 5*h - h = -3*d + 3093. Let l be h - ((-3 - 0) + 3). Suppose -l = -3*c - 2*b - 222, -749 = -4*c + 3*b. Is c a prime number?
False
Let s(c) = 90488*c - 677. Is s(6) a prime number?
True
Is 18/(-36) - (-6204042)/12 prime?
True
Let c = -292 + 297. Suppose -m + 4*d = 3*m - 33128, -c*m + 2*d = -41425. Is m prime?
True
Suppose -5*g + 1692465 = 5*v, -59*v + 58*v - 676998 = -2*g. Is g a prime number?
True
Let y = 16 - -1. Let q(l) = 7 + 4 - 13 - y - 163*l. Is q(-4) a prime number?
False
Let u be -2 + 7 + -4 + 0. Is (1108 - -6) + 8 + (2 - u) a prime number?
True
Let l(h) = -h**2 - 6*h - 1. Let p be l(-6). Let q be -2 - 0 - ((p - 6) + 1). Is (1 - (-1129)/(-3))/(q/(-6)) a prime number?
True
Let o(y) = -3*y - 33. Let s be o(-18). Suppose -31*t = -s*t - 13430. Is t prime?
False
Suppose -1715*c + 1764807 = -1682*c. Is c a prime number?
True
Let y = 1950 - -185. Let k = y - -2372. Is k a prime number?
True
Let p(o) = 950*o + 29. Suppose 3*w - 2 + 12 = -h, 26 = 5*h - 4*w. Is p(h) a prime number?
False
Suppose -145*b + 158*b - 175435 = 0. Is b a composite number?
True
Suppose k - 4*u - 36 = 0, -u - 257 = -5*k - 39. Let b = k - 41. Suppose -b*q = 3*n - 6990, -q - 524 - 6478 = -3*n. Is n composite?
False
Let v(h) = 83*h + 1. Let x(u) be the third derivative of 83*u**4/24 + u**3/6 - 3*u**2. Let d(j) = -3*v(j) + 2*x(j). Is d(-4) a composite number?
False
Let u(w) = 135*w - 4. Let f(y) = -271*y + 9. Let q(l) = -3*f(l) - 5*u(l). Let s be q(5). Suppose -s - 792 = -5*p. Is p a composite number?
True
Suppose 456 - 6684 = 4*w. Let z = w + 2995. Is z a prime number?
False
Let n = 84 - 47. Let l(f) = -2*f + 7*f + n + 35*f. Is l(13) prime?
True
Is 8/(-4)*-433658*3/12 a prime number?
True
Suppose -95*n - 25*n = -24*n - 22932960. Is n prime?
False
Suppose -4*z - 20 = 0, 287167 = 3*a + z - 321441. Is a a composite number?
True
Let d = 43 - 38. Suppose -7*l = -5*l - 3*z - 1588, -2*l + d*z + 1584 = 0. Is l a prime number?
True
Is (-6)/(-57) - 10307775/(-95) a prime number?
True
Let r = -76 - -72. Let u(l) = 374*l**2 + 10*l - 5. Is u(r) a prime number?
True
Suppose 2*s - 3*v = 104074, -2*s - 3*v = -5*v - 104072. Is s prime?
False
Let r(l) be the third derivative of 23/2*l**3 - 1/120*l**6 + 0*l + 0 - 1/24*l**4 - 21*l**2 + 0*l**5. Is r(0) prime?
False
Let v(u) = 2*u + 2. Let p be v(2). Let l(z) = 12*z**3 + 2*z**2 + 8*z - 5. Let w be l(5). Suppose -p*f = -f - w. Is f prime?
True
Suppose -47*w - 1096140 = -2*r - 48*w, 0 = -2*r + 3*w + 1096132. Is r composite?
False
Let c be -6 - ((-5978152)/60 + 16/(-120)). Suppose c = -25*w + 379055. Is w prime?
True
Suppose 36*r + 2*r - 1704852 - 5116414 = 0. Is r a composite number?
True
Suppose f - 32 = -4*f + 3*q, -5*q - 30 = -5*f. Suppose -f*g - 12287 = -18*g. Is g prime?
True
Let n(w) = -1878*w**3 - 2*w**2 + 89*w + 176. Is n(-2) a composite number?
True
Let j(d) = 13*d + 20. Let p(s) = -s**3 - 7*s**2 + 4*s + 10. Let y(n) = -n**2 - n + 1. Let q(r) = -p(r) + 3*y(r). Let k be q(-5). Is j(k) a composite number?
False
Let x = -1140 - -2766. Suppose 73*z = 11*z + 178870. Let l = z - x. Is l a prime number?
True
Suppose 34*m - 399632 = 30*m - 4*c, -499477 = -5*m + 4*c. Is m a composite number?
False
Let v(n) = 561*n - 156. Let q(f) = f**3 - 18*f**2 - 18*f - 4. Let a be q(19). Is v(a) a composite number?
True
Let d = 28451 - 8128. Is d a prime number?
True
Suppose 4*v = c - 12, 5*c - 4*v = 12 - 0. Suppose -6*u + 19262 + 53500 = c. Is u prime?
False
Let o = 72 - 69. Suppose -o*d = -u + 153 + 838, -u + 5*d + 987 = 0. Is u a composite number?
False
Suppose 15*s - 3*b = 13*s + 42285, -3*s = -4*b - 63423. Is s a composite number?
True
Let z(f) = -503. Let t(x) = x + 2012. Let c(d) = -2*t(d) - 9*z(d). Let j(o) = o**2 - 6*o. Let s be j(6). Is c(s) a prime number?
True
Let h = 1152 + -389. Suppose -5*o + 378 = -232. Let v = h - o. Is v a prime number?
True
Let p = -37 - -44. Suppose 2 = -m + p. Suppose 6*k = 31 + m. Is k a prime number?
False
Let x be (-16)/(-2) + 2/3*3. Let h be x/65 - (-1)/(13/50). Suppose h*n - 2024 = -84. Is n a composite number?
True
Suppose -22606259 - 19580940 = -29*n. Is n a composite number?
False
Suppose 3*f - 2*q - 1404145 = 0, 2*f + 171569 - 1107673 = 5*q. Is f prime?
False
Suppose 16 = -3*g - p, 0 = 2*g - 4*p + 6*p + 8. Let f(j) be the third derivative of -145*j**4/24 + 41*j**3/6 + 3*j**2. Is f(g) composite?
False
Suppose 3*n + 4368 = d + 4*d, d = -5*n + 896. Let c = 4515 - d. Is c prime?
False
Let d(f) = 2*f**3 - 11*f**2 - 20*f - 8. Let h be d(7). Let x(z) = 325*z**2 - 3*z - 1 + 591*z**2 + 839*z**2. Is x(h) composite?
True
Suppose -1086962 = -16*w + 514686. Is w prime?
True
Let b(n) = -3*n - 20. Let k be b(-8). Is 5777 + -2*(-4)/k prime?
True
Let l be (-3 + 81/6)/((-6)/(-7504)). Let p = -5999 + l. Is p composite?
True
Let w(z) = -z**2 - 14*z - 13. Let h be w(-13). Suppose -o + 940 = -h*o. Let p = 214 + o. Is p a prime number?
False
Let h = 8492 - 1504. Suppose 6*y - 7010 = h. Is y composite?
False
Let j = 1860 + -3678. Let y = j - -3191. Is y a composite number?
False
Suppose -5*g = -q - 13901365, -248*g + 246*g = 12*q - 5560546. Is g a prime number?
True
Let v = -696129 + 1045460. Is v composite?
False
Let a be (-4)/(-26) - (-4064)/(-52) - 0. Let s = -76 - a. Suppose -3*l + s*l = -1039. Is l a prime number?
True
Let r(n) = -2759*n**2 - 16*n - 15. Let j be r(-4). Is (2 - j/(-5))*2/(-6) prime?
True
Suppose -5*k = -1 - 14. Suppose -25 = 5*o, -2343 - 75 = -3*z - k*o. Let c = z - -948. Is c composite?
False
Let d(p) = p**3 - p**2 - 2*p + 2. Let m be d(2). Suppose 0 = -2*i + 2, 0*w + 5*w + 3*i = 68. Suppose -h + m*h = w. Is h prime?
True
Let i(v) = 19*v**2 + 10. Suppose 3*w + w - 60 = -3*d, 100 = 5*d - 5*w. Let a be (-2 + 1)/((-4)/d). Is i(a) a prime number?
False
Is (0 + -1)*26/(-65)*(-764760)/(-48) a prime number?
True
Let l = 34117 - -85668. Is l composite?
True
Suppose 7*w - 2*w = -3*f + 20, -25 = -5*w - 4*f. Suppose -2*u + 0 - 12 = 4*j, w = -u - j. Is 4631/u + (-2)/(-8) - -1 a composite number?
True
Let b be (-4*(-2)/6)/((-20)/(-735090)). Let f = b + -34513. Is f composite?
True
Let o(p) = 164*p**2 + 55*p + 118. Is o(-5) a prime number?
True
Let j = 98752 - 21281. Is j a composite number?
False
Suppose -3*p - 4*q + 2119025 = 0, 5*p - 61*q - 3531631 = -58*q. Is p a prime number?
False
Let o be -3 + 786/7 + 6/(-21). Let b = 114 - o. Suppose 3*p - 6388 = -4*z, -3*p + 6388 = 4*z - b*p. Is z composite?
False
Let h = -116 - 17. S